8
Let g be -2*1 - (7 - 128). Suppose 0 = 5*m + 14 - g. What is the units digit of m?
1
Suppose 104 = 5*u - 61. What is the tens digit of u?
3
Let w = -25 - -28. What is the units digit of w?
3
What is the tens digit of (2/4)/(1/58)?
2
Suppose 5*x + 1 = 3*b - b, x + 5 = 2*b. Suppose 0 = -2*n + 3*u + 93, -3*n - b*u + 74 = -58. Suppose f = -4*f + n. What is the units digit of f?
9
Suppose x = -3*x. Suppose -2*y - 6 = k, x = -4*k + y - 0*y - 15. Let g = k + 9. What is the units digit of g?
5
Suppose 239 = 3*w - 28. What is the tens digit of w?
8
What is the units digit of (4*(-104)/(-96))/((-1)/(-21))?
1
Let g = -18 + 10. Let j be 14/8 - 2/g. Let b = 8 + j. What is the units digit of b?
0
Let c = 543 - 267. What is the units digit of c?
6
Suppose 4*f - 3 + 183 = 4*p, p - 4*f = 45. What is the tens digit of p?
4
Let n(q) = 12*q - 1. What is the units digit of n(13)?
5
Let s be 1/(2/8*2). Suppose -l = -y + 6, s*y - 5*l = 2 + 16. What is the units digit of y?
4
Let l(p) = 3 + 3 - 5*p - 4. Suppose 0 = 3*j + 3*u - u + 7, 3*j - u + 10 = 0. What is the tens digit of l(j)?
1
Suppose 4*g - 5*g = -2*i, 3*i = 4*g - 10. What is the units digit of g?
4
Suppose 4*w - 2*f + 60 = 0, -w - 30 = w + 4*f. Let j be (4/10)/((-3)/w). Suppose -2*p + 5*n = -57, j*p + 2*n - 38 = -p. What is the tens digit of p?
1
Let x(w) be the second derivative of 1/6*w**3 + 7/6*w**4 - 2*w + 0 - 1/2*w**2. What is the units digit of x(1)?
4
Let s(a) be the third derivative of -a**6/120 + a**5/60 + a**4/24 + 7*a**3/6 + 9*a**2. What is the units digit of s(0)?
7
Let j(x) = 2*x. What is the units digit of j(4)?
8
Suppose -2*s + 12 = 4*i, -5*s + 12 + 6 = 4*i. Suppose 10 + 10 = -5*c, o + c - i = 0. Suppose 0*t - o = -3*t. What is the units digit of t?
2
Let b(f) = -5*f**3 + 3*f**2 + 4*f**3 + 1 - 4*f**2. Let z be b(-2). Suppose -z*k = 3 - 28. What is the units digit of k?
5
Let s = -8 + 13. Suppose -s*x - 24 = n, 2*x + 24 = -x - 3*n. What is the tens digit of (6/x)/((-12)/112)?
1
Let m(i) = -16*i + 17. What is the tens digit of m(-11)?
9
Suppose -2*c = -p - 129 + 43, 2*c = -2*p + 74. What is the tens digit of c?
4
Let j(n) = 2*n**2 - 3*n + 1 - n**2 + 0*n**2 - 5. What is the units digit of j(5)?
6
Let c = 0 + 5. Suppose 4*p - 1 = -4*u + 19, c*p = 3*u - 7. What is the units digit of u?
4
Let t = 77 + -53. What is the tens digit of t?
2
Let o(w) = 8*w - 9. What is the tens digit of o(4)?
2
Suppose 0 = 2*v + v - 18. What is the tens digit of (-23 - v)/(-2 - -1)?
2
Let o = -10 - -32. What is the tens digit of o?
2
What is the units digit of 131/7 + 26/91?
9
What is the tens digit of (20/2)/(2/10) + -2?
4
Let c(z) = 3 + 2*z + z - z**2 + 2*z**2 - 9. What is the tens digit of c(-7)?
2
Let l(x) = -x + 13. Let n be l(10). Suppose -y - n*y = -28. What is the units digit of y?
7
Let m(j) = -j**3 - 4*j**2 - j - 1. Let v be m(-4). Suppose 6*k - 54 = v*k. What is the tens digit of k?
1
Let h = 149 + -72. What is the tens digit of h?
7
Suppose 3*l + 4*a - 9 = 5, -3*l + 2*a - 16 = 0. Let g(i) = 4*i**2 + 3*i + 2. What is the units digit of g(l)?
2
Suppose 32 = 2*p - 8. Suppose -y + p = y. What is the tens digit of y?
1
Suppose -3*b + 24 = -27. What is the units digit of b?
7
Suppose -97 = -3*m - 2*z, -z - 4*z + 72 = 2*m. What is the units digit of m?
1
Let c(g) = g**2 + 5*g + 2. Let j be c(-5). Let s = -4 + 8. Suppose j + 2 = s*x. What is the units digit of x?
1
Let p(w) = -w**3 - 6*w**2 + 4*w - 8. Let a = 12 + -19. What is the tens digit of p(a)?
1
Suppose -g + 208 = -24. What is the hundreds digit of g?
2
Let m = 9 - 5. Suppose -3*v = -m*v + 10. What is the units digit of v?
0
Suppose 0 = 5*q - 3 - 2. Let u = q - 6. Let n = -4 - u. What is the units digit of n?
1
What is the tens digit of (-18)/(-12)*1/(9/456)?
7
Suppose -p = -5 - 1. Suppose l = p*l - 55. What is the tens digit of l?
1
Suppose -1 = 4*f + 5*j - 72, -j = -3. Suppose 16 = 6*a - 4*a. Let d = f - a. What is the units digit of d?
6
Suppose 2*d - 3 = 7. Let x(v) = v. Let c be x(3). Suppose c = -d*z + 43. What is the units digit of z?
8
Let r(w) = -w**2 + 17*w - 11. What is the units digit of r(7)?
9
Let l(y) = -y**3 + 8*y**2 + 4*y - 11. What is the units digit of l(8)?
1
Suppose 0 = 4*r + 3 + 1. What is the tens digit of r + (4/4 - -23)?
2
Let v = -7 + 11. Suppose 2*t - 10 = w - 3*w, -5*w - 29 = -v*t. What is the units digit of t?
6
Let k(i) be the second derivative of i**3/6 - 5*i**2/2 + i. Let c be k(9). Suppose -c*d = -9*d + 35. What is the units digit of d?
7
Let m(o) = o + 7. Let a be m(0). Suppose 0 = -4*x - x. Let r = a - x. What is the units digit of r?
7
Let f be (3/9)/(2/66). Suppose -104 = -3*r - f. Suppose 15 = 5*n - i, -i + r = 3*n - 6*i. What is the units digit of n?
2
Let t be 42/10 + 4/(-20). Let q = 1 + t. Suppose 2*x - q*x = -24. What is the units digit of x?
8
Let l = -22 + 24. Suppose -4*k - 7 = -31. Let u = l + k. What is the units digit of u?
8
Suppose 11 + 9 = 5*z. What is the units digit of z/(-26) - 171/(-13)?
3
Suppose 0 = -3*f + 8*f. Suppose f = 3*h - 26 - 61. Suppose 23 = 4*x - h. What is the tens digit of x?
1
Let y(d) = -d**3 - 10*d**2 - 10*d - 5. Suppose -2*x - 33 = 5*w, 3*x + 5*w = 2*w - 36. What is the units digit of y(x)?
4
Suppose 248 = 4*m + 4*v, 4*m + v - 179 = 75. Suppose -4*r + m = -4*b - 0*b, -3*r + 2*b + 48 = 0. What is the units digit of r?
6
Let n(w) = -w**3 + 8*w**2 + 8*w. Let o be n(8). Suppose 2*d - v + 15 = 43, -v - o = -5*d. Suppose -2*x - d = -3*x. What is the tens digit of x?
1
Suppose -4*n + y - 2*y + 25 = 0, -4*y = -20. Suppose -148 = -n*w - 13. What is the tens digit of w?
2
Let q(f) = 5*f + 9. Let k be q(-6). Let c = 30 + k. What is the units digit of c?
9
Let o be (-5)/(-2) + 1/(-2). Suppose 4*h - 4 = -2*m, -3*m - o*m + h = -54. What is the tens digit of m?
1
Let n(d) = d**2 + 9*d + 3. Suppose -2*w - 1 = -3*v + 29, -25 = 5*w + 5*v. What is the units digit of n(w)?
3
Let s be 86/(-10) + 39/65. Let h(i) be the second derivative of i**4/12 + i**3 - 5*i**2/2 - 2*i. What is the tens digit of h(s)?
1
Suppose -725 = -5*z - 5*x - 215, -10 = 5*x. What is the tens digit of z?
0
Let b = 6 - -74. Let x = b - 44. What is the tens digit of x?
3
Let z be (-2 - -4 - 0) + -1. Suppose z + 4 = k. What is the units digit of k?
5
Let k(o) = o + 1. Let v = -2 - -4. What is the units digit of k(v)?
3
Let m(t) = -t**2 + 11*t + 12. Let g be m(12). Suppose 0 = 5*b + 3*o + 2*o - 5, 0 = b + 5*o + 15. Suppose -2*a + a + b = g. What is the units digit of a?
5
Let x = 60 + -99. Let b = x - -80. What is the tens digit of b?
4
Let i be ((-3)/(-1))/(5/(-25)). Let j = -11 - i. Suppose -5*s + j + 6 = 0. What is the units digit of s?
2
Suppose -2*m - m + 39 = 0. Suppose 0 = k + 3*i - 18, -k + m = -i + 3*i. Suppose 2*n - 26 = -k*t - 2*n, 5*n - 17 = 4*t. What is the units digit of t?
2
Let s(t) = t**3 - 4*t**2 + 9*t - 5. What is the units digit of s(3)?
3
Let o = 12 + -9. Suppose 7 = h + o*i, -4*h - 5*i = -16 - 19. Let g = 27 - h. What is the units digit of g?
7
Suppose -3*b + 220 + 17 = 0. What is the units digit of b?
9
Let j = 627 + -420. What is the tens digit of j?
0
Suppose 2*o - o + 7 = 0. Let f = 10 + o. What is the units digit of f?
3
Let s(u) = 2*u - 14. Let j be s(5). What is the units digit of j/(-12) - (-24)/9?
3
Let j be (-6)/(-9) - (-3948)/18. What is the units digit of (0 - 1)/((-4)/j)?
5
Let c be 6*(0 + 2 + -3). Let j = -3 - c. What is the units digit of j?
3
Let l be -1 - 0 - (-276)/4. Suppose -5*k - l = -5*j - 163, 50 = 2*k + 4*j. Suppose -2*r - 3 = -v - 3*r, 0 = 2*v - 3*r - k. What is the units digit of v?
6
Let t = 195 - 43. What is the tens digit of t?
5
What is the units digit of -42*(-2 - (-3)/6)?
3
Suppose 5 = 2*t - u + 2*u, t + 3*u = 0. Suppose y = -1 - t. Let c = 5 - y. What is the units digit of c?
9
Let i be 6/(-9) + (-58)/3. Let d be (9/(-6))/(3/i). Let y = -3 + d. What is the units digit of y?
7
Let j(h) be the third derivative of h**6/120 - h**5/15 - h**4/4 + h**3 - 6*h**2. What is the units digit of j(5)?
1
Let l be ((-2)/6)/((-1)/(-15)). Let y = 7 + l. What is the units digit of y?
2
Let b(o) = 4*o + 3 + 4*o**2 + 3*o - 4*o. Let k = -30 + 28. What is the units digit of b(k)?
3
Let o be 9/4*2*-2. Let s be -3*-3*3/o. Let j(r) = 2*r**2 + 2*r - 3. What is the units digit of j(s)?
9
Suppose 0 = 5*t - t